{"id":29,"date":"2021-10-17T15:23:25","date_gmt":"2021-10-17T13:23:25","guid":{"rendered":"http:\/\/pp11wpolicach.pl\/?page_id=29"},"modified":"2025-02-16T21:01:17","modified_gmt":"2025-02-16T20:01:17","slug":"zajecia","status":"publish","type":"page","link":"https:\/\/pp11wpolicach.pl\/?page_id=29","title":{"rendered":"ZAJ\u0118CIA"},"content":{"rendered":"\t\t<div data-elementor-type=\"wp-page\" data-elementor-id=\"29\" class=\"elementor elementor-29\">\n\t\t\t\t\t\t<section class=\"elementor-section elementor-top-section elementor-element elementor-element-d4b5905 elementor-section-boxed elementor-section-height-default elementor-section-height-default\" data-id=\"d4b5905\" data-element_type=\"section\">\n\t\t\t\t\t\t<div class=\"elementor-container elementor-column-gap-default\">\n\t\t\t\t\t<div class=\"elementor-column elementor-col-100 elementor-top-column elementor-element elementor-element-f86670c\" data-id=\"f86670c\" data-element_type=\"column\">\n\t\t\t<div class=\"elementor-widget-wrap elementor-element-populated\">\n\t\t\t\t\t\t<section class=\"elementor-section elementor-inner-section elementor-element elementor-element-6ce706f elementor-section-boxed elementor-section-height-default elementor-section-height-default\" data-id=\"6ce706f\" data-element_type=\"section\">\n\t\t\t\t\t\t<div class=\"elementor-container elementor-column-gap-default\">\n\t\t\t\t\t<div class=\"elementor-column elementor-col-100 elementor-inner-column elementor-element elementor-element-003eed0\" data-id=\"003eed0\" data-element_type=\"column\">\n\t\t\t<div class=\"elementor-widget-wrap elementor-element-populated\">\n\t\t\t\t\t\t<div class=\"elementor-element elementor-element-4ce5154 elementor-widget elementor-widget-heading\" data-id=\"4ce5154\" data-element_type=\"widget\" data-widget_type=\"heading.default\">\n\t\t\t\t<div class=\"elementor-widget-container\">\n\t\t\t\t\t<h2 class=\"elementor-heading-title elementor-size-default\">Zaj\u0119cia dodatkowe<\/h2>\t\t\t\t<\/div>\n\t\t\t\t<\/div>\n\t\t\t\t\t<\/div>\n\t\t<\/div>\n\t\t\t\t\t<\/div>\n\t\t<\/section>\n\t\t\t\t<div class=\"elementor-element elementor-element-6111416 elementor-widget-divider--view-line elementor-widget elementor-widget-divider\" data-id=\"6111416\" data-element_type=\"widget\" data-widget_type=\"divider.default\">\n\t\t\t\t<div class=\"elementor-widget-container\">\n\t\t\t\t\t\t\t<div class=\"elementor-divider\">\n\t\t\t<span class=\"elementor-divider-separator\">\n\t\t\t\t\t\t<\/span>\n\t\t<\/div>\n\t\t\t\t\t\t<\/div>\n\t\t\t\t<\/div>\n\t\t\t\t<section class=\"elementor-section elementor-inner-section elementor-element elementor-element-6e204a8 elementor-section-boxed elementor-section-height-default elementor-section-height-default\" data-id=\"6e204a8\" data-element_type=\"section\">\n\t\t\t\t\t\t<div class=\"elementor-container elementor-column-gap-default\">\n\t\t\t\t\t<div class=\"elementor-column elementor-col-50 elementor-inner-column elementor-element elementor-element-c1c8d0a\" data-id=\"c1c8d0a\" data-element_type=\"column\">\n\t\t\t<div class=\"elementor-widget-wrap elementor-element-populated\">\n\t\t\t\t\t\t<div class=\"elementor-element elementor-element-6f6c0a7 elementor-widget elementor-widget-image\" data-id=\"6f6c0a7\" data-element_type=\"widget\" data-widget_type=\"image.default\">\n\t\t\t\t<div class=\"elementor-widget-container\">\n\t\t\t\t\t\t\t\t\t\t\t\t\t\t\t<img fetchpriority=\"high\" decoding=\"async\" width=\"1000\" height=\"1000\" src=\"https:\/\/pp11wpolicach.pl\/wp-content\/uploads\/2021\/10\/zajecia.png\" class=\"attachment-large size-large wp-image-377\" alt=\"\" srcset=\"https:\/\/pp11wpolicach.pl\/wp-content\/uploads\/2021\/10\/zajecia.png 1000w, https:\/\/pp11wpolicach.pl\/wp-content\/uploads\/2021\/10\/zajecia-300x300.png 300w, https:\/\/pp11wpolicach.pl\/wp-content\/uploads\/2021\/10\/zajecia-150x150.png 150w, https:\/\/pp11wpolicach.pl\/wp-content\/uploads\/2021\/10\/zajecia-768x768.png 768w\" sizes=\"(max-width: 1000px) 100vw, 1000px\" \/>\t\t\t\t\t\t\t\t\t\t\t\t\t\t\t<\/div>\n\t\t\t\t<\/div>\n\t\t\t\t\t<\/div>\n\t\t<\/div>\n\t\t\t\t<div class=\"elementor-column elementor-col-50 elementor-inner-column elementor-element elementor-element-46c8b1d\" data-id=\"46c8b1d\" data-element_type=\"column\">\n\t\t\t<div class=\"elementor-widget-wrap elementor-element-populated\">\n\t\t\t\t\t\t<div class=\"elementor-element elementor-element-43e75ac elementor-widget elementor-widget-text-editor\" data-id=\"43e75ac\" data-element_type=\"widget\" data-widget_type=\"text-editor.default\">\n\t\t\t\t<div class=\"elementor-widget-container\">\n\t\t\t\t\t\t\t\t\t<ul><li style=\"font-weight: 400;\"><strong>J\u0119zyk angielski<\/strong> \u2013 we wszystkich grupach wiekowych, dostosowane do mo\u017cliwo\u015bci dzieci: \u015brody, czwartki, pi\u0105tki<\/li><li style=\"font-weight: 400;\"><strong>Zaj\u0119cia muzyczne<\/strong> \u2013 raz w tygodniu w grupach dzieci 4,5,6 letnich<\/li><li style=\"font-weight: 400;\"><strong>TUS<\/strong> \u2013 zaj\u0119cia emocjonalno \u2013 spo\u0142eczne &#8211; raz w tygodniu &#8211; w razie potrzeb\u00a0<\/li><li style=\"font-weight: 400;\"><strong>Zaj\u0119cia z zakresu terapii logopedycznej<\/strong> &#8211; zgodnie z potrzebami dzieci, w szczeg\u00f3lno\u015bci dzieci najstarsze<\/li><li style=\"font-weight: 400;\"><strong>Zaj\u0119cia korekcyjno &#8211; kompensacyjne<\/strong> &#8211; zgodnie z potrzebami dzieci,\u00a0<\/li><li style=\"font-weight: 400;\"><strong>Zaj\u0119cia rewalidacyjne<\/strong> &#8211; zgodnie z potrzebami dzieci,<\/li><li style=\"font-weight: 400;\"><strong>Katecheza<\/strong> &#8211; dzieci 5, 6 letnie &#8211; zaj\u0119cia wg woli rodzic\u00f3w<\/li><\/ul>\t\t\t\t\t\t\t\t<\/div>\n\t\t\t\t<\/div>\n\t\t\t\t\t<\/div>\n\t\t<\/div>\n\t\t\t\t\t<\/div>\n\t\t<\/section>\n\t\t\t\t\t<\/div>\n\t\t<\/div>\n\t\t\t\t\t<\/div>\n\t\t<\/section>\n\t\t\t\t<\/div>\n\t\t","protected":false},"excerpt":{"rendered":"<p>Zaj\u0119cia dodatkowe J\u0119zyk angielski \u2013 we wszystkich grupach wiekowych, dostosowane do mo\u017cliwo\u015bci dzieci: \u015brody, czwartki, pi\u0105tki Zaj\u0119cia muzyczne \u2013 raz w tygodniu w grupach dzieci 4,5,6 letnich TUS \u2013 zaj\u0119cia emocjonalno \u2013 spo\u0142eczne &#8211; raz w tygodniu &#8211; w razie potrzeb\u00a0 Zaj\u0119cia z zakresu terapii logopedycznej &#8211; zgodnie z potrzebami dzieci, w szczeg\u00f3lno\u015bci dzieci najstarsze [&hellip;]<\/p>\n","protected":false},"author":1,"featured_media":0,"parent":0,"menu_order":0,"comment_status":"closed","ping_status":"closed","template":"","meta":{"ocean_post_layout":"full-screen","ocean_both_sidebars_style":"","ocean_both_sidebars_content_width":0,"ocean_both_sidebars_sidebars_width":0,"ocean_sidebar":"0","ocean_second_sidebar":"0","ocean_disable_margins":"enable","ocean_add_body_class":"","ocean_shortcode_before_top_bar":"","ocean_shortcode_after_top_bar":"","ocean_shortcode_before_header":"","ocean_shortcode_after_header":"","ocean_has_shortcode":"","ocean_shortcode_after_title":"","ocean_shortcode_before_footer_widgets":"","ocean_shortcode_after_footer_widgets":"","ocean_shortcode_before_footer_bottom":"","ocean_shortcode_after_footer_bottom":"","ocean_display_top_bar":"off","ocean_display_header":"default","ocean_header_style":"","ocean_center_header_left_menu":"0","ocean_custom_header_template":"0","ocean_custom_logo":0,"ocean_custom_retina_logo":0,"ocean_custom_logo_max_width":0,"ocean_custom_logo_tablet_max_width":0,"ocean_custom_logo_mobile_max_width":0,"ocean_custom_logo_max_height":0,"ocean_custom_logo_tablet_max_height":0,"ocean_custom_logo_mobile_max_height":0,"ocean_header_custom_menu":"0","ocean_menu_typo_font_family":"0","ocean_menu_typo_font_subset":"","ocean_menu_typo_font_size":0,"ocean_menu_typo_font_size_tablet":0,"ocean_menu_typo_font_size_mobile":0,"ocean_menu_typo_font_size_unit":"px","ocean_menu_typo_font_weight":"","ocean_menu_typo_font_weight_tablet":"","ocean_menu_typo_font_weight_mobile":"","ocean_menu_typo_transform":"","ocean_menu_typo_transform_tablet":"","ocean_menu_typo_transform_mobile":"","ocean_menu_typo_line_height":0,"ocean_menu_typo_line_height_tablet":0,"ocean_menu_typo_line_height_mobile":0,"ocean_menu_typo_line_height_unit":"","ocean_menu_typo_spacing":0,"ocean_menu_typo_spacing_tablet":0,"ocean_menu_typo_spacing_mobile":0,"ocean_menu_typo_spacing_unit":"","ocean_menu_link_color":"","ocean_menu_link_color_hover":"","ocean_menu_link_color_active":"","ocean_menu_link_background":"","ocean_menu_link_hover_background":"","ocean_menu_link_active_background":"","ocean_menu_social_links_bg":"","ocean_menu_social_hover_links_bg":"","ocean_menu_social_links_color":"","ocean_menu_social_hover_links_color":"","ocean_disable_title":"on","ocean_disable_heading":"default","ocean_post_title":"","ocean_post_subheading":"","ocean_post_title_style":"","ocean_post_title_background_color":"","ocean_post_title_background":0,"ocean_post_title_bg_image_position":"","ocean_post_title_bg_image_attachment":"","ocean_post_title_bg_image_repeat":"","ocean_post_title_bg_image_size":"","ocean_post_title_height":0,"ocean_post_title_bg_overlay":0.5,"ocean_post_title_bg_overlay_color":"","ocean_disable_breadcrumbs":"default","ocean_breadcrumbs_color":"","ocean_breadcrumbs_separator_color":"","ocean_breadcrumbs_links_color":"","ocean_breadcrumbs_links_hover_color":"","ocean_display_footer_widgets":"off","ocean_display_footer_bottom":"off","ocean_custom_footer_template":"0","footnotes":""},"class_list":["post-29","page","type-page","status-publish","hentry","entry"],"_links":{"self":[{"href":"https:\/\/pp11wpolicach.pl\/index.php?rest_route=\/wp\/v2\/pages\/29","targetHints":{"allow":["GET"]}}],"collection":[{"href":"https:\/\/pp11wpolicach.pl\/index.php?rest_route=\/wp\/v2\/pages"}],"about":[{"href":"https:\/\/pp11wpolicach.pl\/index.php?rest_route=\/wp\/v2\/types\/page"}],"author":[{"embeddable":true,"href":"https:\/\/pp11wpolicach.pl\/index.php?rest_route=\/wp\/v2\/users\/1"}],"replies":[{"embeddable":true,"href":"https:\/\/pp11wpolicach.pl\/index.php?rest_route=%2Fwp%2Fv2%2Fcomments&post=29"}],"version-history":[{"count":19,"href":"https:\/\/pp11wpolicach.pl\/index.php?rest_route=\/wp\/v2\/pages\/29\/revisions"}],"predecessor-version":[{"id":753,"href":"https:\/\/pp11wpolicach.pl\/index.php?rest_route=\/wp\/v2\/pages\/29\/revisions\/753"}],"wp:attachment":[{"href":"https:\/\/pp11wpolicach.pl\/index.php?rest_route=%2Fwp%2Fv2%2Fmedia&parent=29"}],"curies":[{"name":"wp","href":"https:\/\/api.w.org\/{rel}","templated":true}]}}

ZAJĘCIA

<div data-elementor-type="wp-page" data-elementor-id="29" class="elementor elementor-29">
						<section class="elementor-section elementor-top-section elementor-element elementor-element-d4b5905 elementor-section-boxed elementor-section-height-default elementor-section-height-default" data-id="d4b5905" data-element_type="section">
						<div class="elementor-container elementor-column-gap-default">
					<div class="elementor-column elementor-col-100 elementor-top-column elementor-element elementor-element-f86670c" data-id="f86670c" data-element_type="column">
			<div class="elementor-widget-wrap elementor-element-populated">
						<section class="elementor-section elementor-inner-section elementor-element elementor-element-6ce706f elementor-section-boxed elementor-section-height-default elementor-section-height-default" data-id="6ce706f" data-element_type="section">
						<div class="elementor-container elementor-column-gap-default">
					<div class="elementor-column elementor-col-100 elementor-inner-column elementor-element elementor-element-003eed0" data-id="003eed0" data-element_type="column">
			<div class="elementor-widget-wrap elementor-element-populated">
						<div class="elementor-element elementor-element-4ce5154 elementor-widget elementor-widget-heading" data-id="4ce5154" data-element_type="widget" data-widget_type="heading.default">
				<div class="elementor-widget-container">
					<h2 class="elementor-heading-title elementor-size-default">Zajęcia dodatkowe</h2>				</div>
				</div>
					</div>
		</div>
					</div>
		</section>
				<div class="elementor-element elementor-element-6111416 elementor-widget-divider--view-line elementor-widget elementor-widget-divider" data-id="6111416" data-element_type="widget" data-widget_type="divider.default">
				<div class="elementor-widget-container">
							<div class="elementor-divider">
			<span class="elementor-divider-separator">
						</span>
		</div>
						</div>
				</div>
				<section class="elementor-section elementor-inner-section elementor-element elementor-element-6e204a8 elementor-section-boxed elementor-section-height-default elementor-section-height-default" data-id="6e204a8" data-element_type="section">
						<div class="elementor-container elementor-column-gap-default">
					<div class="elementor-column elementor-col-50 elementor-inner-column elementor-element elementor-element-c1c8d0a" data-id="c1c8d0a" data-element_type="column">
			<div class="elementor-widget-wrap elementor-element-populated">
						<div class="elementor-element elementor-element-6f6c0a7 elementor-widget elementor-widget-image" data-id="6f6c0a7" data-element_type="widget" data-widget_type="image.default">
				<div class="elementor-widget-container">
															<img fetchpriority="high" decoding="async" width="1000" height="1000" src="https://pp11wpolicach.pl/wp-content/uploads/2021/10/zajecia.png" class="attachment-large size-large wp-image-377" alt="" srcset="https://pp11wpolicach.pl/wp-content/uploads/2021/10/zajecia.png 1000w, https://pp11wpolicach.pl/wp-content/uploads/2021/10/zajecia-300x300.png 300w, https://pp11wpolicach.pl/wp-content/uploads/2021/10/zajecia-150x150.png 150w, https://pp11wpolicach.pl/wp-content/uploads/2021/10/zajecia-768x768.png 768w" sizes="(max-width: 1000px) 100vw, 1000px" />															</div>
				</div>
					</div>
		</div>
				<div class="elementor-column elementor-col-50 elementor-inner-column elementor-element elementor-element-46c8b1d" data-id="46c8b1d" data-element_type="column">
			<div class="elementor-widget-wrap elementor-element-populated">
						<div class="elementor-element elementor-element-43e75ac elementor-widget elementor-widget-text-editor" data-id="43e75ac" data-element_type="widget" data-widget_type="text-editor.default">
				<div class="elementor-widget-container">
									<ul><li style="font-weight: 400;"><strong>Język angielski</strong> – we wszystkich grupach wiekowych, dostosowane do możliwości dzieci: środy, czwartki, piątki</li><li style="font-weight: 400;"><strong>Zajęcia muzyczne</strong> – raz w tygodniu w grupach dzieci 4,5,6 letnich</li><li style="font-weight: 400;"><strong>TUS</strong> – zajęcia emocjonalno – społeczne &#8211; raz w tygodniu &#8211; w razie potrzeb </li><li style="font-weight: 400;"><strong>Zajęcia z zakresu terapii logopedycznej</strong> &#8211; zgodnie z potrzebami dzieci, w szczególności dzieci najstarsze</li><li style="font-weight: 400;"><strong>Zajęcia korekcyjno &#8211; kompensacyjne</strong> &#8211; zgodnie z potrzebami dzieci, </li><li style="font-weight: 400;"><strong>Zajęcia rewalidacyjne</strong> &#8211; zgodnie z potrzebami dzieci,</li><li style="font-weight: 400;"><strong>Katecheza</strong> &#8211; dzieci 5, 6 letnie &#8211; zajęcia wg woli rodziców</li></ul>								</div>
				</div>
					</div>
		</div>
					</div>
		</section>
					</div>
		</div>
					</div>
		</section>
				</div>

<p>Zajęcia dodatkowe Język angielski – we wszystkich grupach wiekowych, dostosowane do możliwości dzieci: środy, czwartki, piątki Zajęcia muzyczne – raz w tygodniu w grupach dzieci 4,5,6 letnich TUS – zajęcia emocjonalno – społeczne &#8211; raz w tygodniu &#8211; w razie potrzeb  Zajęcia z zakresu terapii logopedycznej &#8211; zgodnie z potrzebami dzieci, w szczególności dzieci najstarsze [&hellip;]</p>
